{"id":28,"date":"2018-06-22T19:47:42","date_gmt":"2018-06-22T17:47:42","guid":{"rendered":"https:\/\/fundacionciga.com\/eus\/?page_id=28"},"modified":"2018-06-27T11:17:24","modified_gmt":"2018-06-27T09:17:24","slug":"cigas-perdidos","status":"publish","type":"page","link":"https:\/\/fundacionciga.com\/eus\/cigas-perdidos\/","title":{"rendered":"Cigas perdidos"},"content":{"rendered":"<section class=\"l-section wpb_row height_small\"><div class=\"l-section-h i-cf\"><div class=\"g-cols vc_row via_grid cols_1 laptops-cols_inherit tablets-cols_inherit mobiles-cols_1 valign_top type_default stacking_default\"><div class=\"wpb_column vc_column_container\"><div class=\"vc_column-inner\"><div class=\"wpb_text_column\"><div class=\"wpb_wrapper\"><p>&#8211;<b>Ciga galduen, bila. Ondoko margolanei buruzko informazioa (kokapena) eskertuko litzateke<\/b>:<\/p>\n<table border=\"0\" width=\"100%\" cellspacing=\"0\" cellpadding=\"0\">\n<tbody>\n<tr>\n<td align=\"left\" valign=\"top\" width=\"20%\">&nbsp;<\/p>\n<p><a ref=\"magnificPopup\" href=\"https:\/\/fundacionciga.com\/wp-content\/uploads\/2018\/06\/099.jpg\"><img loading=\"lazy\" decoding=\"async\" class=\"aligncenter\" src=\"https:\/\/fundacionciga.com\/wp-content\/uploads\/2018\/06\/099.jpg\" alt=\"\" width=\"104\" height=\"132\" border=\"0\" \/><\/a><\/td>\n<td align=\"left\" valign=\"top\" width=\"80%\"><span style=\"color: #981d31;\"><b>Retrato de Madame Camere y su hija Nanet.<\/b><\/span><br \/>\nFormato vertical.<br \/>\nFechable en 1912-1914.<\/td>\n<\/tr>\n<tr>\n<td align=\"left\" valign=\"middle\" width=\"40%\">&nbsp;<\/p>\n<p><a ref=\"magnificPopup\" href=\"https:\/\/fundacionciga.com\/wp-content\/uploads\/2018\/06\/100.jpg\"><img loading=\"lazy\" decoding=\"async\" class=\"aligncenter\" src=\"https:\/\/fundacionciga.com\/wp-content\/uploads\/2018\/06\/100.jpg\" alt=\"\" width=\"77\" height=\"133\" border=\"0\" \/><\/a><\/td>\n<td align=\"left\" valign=\"top\" width=\"60%\"><span style=\"color: #981d31;\"><b>Retrato de Madame Camere vestida a la espa\u00f1ola.<\/b><\/span><br \/>\nFormato vertical.<br \/>\nFirmado.<br \/>\nFechable en 1912-1914.<\/td>\n<\/tr>\n<tr>\n<td align=\"left\" valign=\"top\" width=\"20%\">&nbsp;<\/p>\n<p><a ref=\"magnificPopup\" href=\"https:\/\/fundacionciga.com\/wp-content\/uploads\/2018\/06\/102.jpg\"><img loading=\"lazy\" decoding=\"async\" class=\"aligncenter\" src=\"https:\/\/fundacionciga.com\/wp-content\/uploads\/2018\/06\/102.jpg\" alt=\"\" width=\"106\" height=\"133\" border=\"0\" \/><\/a><\/td>\n<td align=\"left\" valign=\"top\" width=\"80%\"><span style=\"color: #981d31;\"><b>Retrato de emakume \u2013 Emakumearen erretratoa.<\/b><\/span><br \/>\n\u00d3leo sobre tabla.<br \/>\n30 x 25 cm.<br \/>\nFechable en 1914.<br \/>\nMuseo de Bellas Artes de \u00c1lava.<br \/>\n<i>1994-1995. Vitoria-Gasteiz. Museo de Bellas Artes de \u00c1lava. Exposici\u00f3n \u00abArte Vasco hasta los a\u00f1os 50\u00bb en los fondos del Museo de Bellas Artes de \u00c1lava.<br \/>\n2003. Museo de Bellas Artes de \u00c1lava. Vitoria. Exposici\u00f3n \u00abEmakumearen irudia. Bestelako begiratu bat\u00bb.<br \/>\nObra robada el 10 de octubre de 2004.<\/i><\/td>\n<\/tr>\n<tr>\n<td align=\"left\" valign=\"top\" width=\"20%\">&nbsp;<\/p>\n<p><a ref=\"magnificPopup\" href=\"https:\/\/fundacionciga.com\/wp-content\/uploads\/2018\/06\/110.jpg\"><img loading=\"lazy\" decoding=\"async\" class=\"aligncenter\" src=\"https:\/\/fundacionciga.com\/wp-content\/uploads\/2018\/06\/110.jpg\" alt=\"\" width=\"200\" height=\"132\" border=\"0\" \/><\/a><\/td>\n<td align=\"left\" valign=\"top\" width=\"80%\"><b><span style=\"color: #981d31;\">La yunta \u2013 Uztai behiak.<\/span><\/b><br \/>\n\u00d3leo sobre lienzo.<br \/>\n162 x 255 cm.<br \/>\nFirmado.<br \/>\nFechado en 1915.<br \/>\nColecci\u00f3n particular.<br \/>\n<i>1978. Pamplona. Museo de Navarra. Exposici\u00f3n-Homenaje (cat. 43).<br \/>\n1991. Bertiz. Exposici\u00f3n de Ciga.<\/i><\/td>\n<\/tr>\n<tr>\n<td align=\"left\" valign=\"top\" width=\"20%\">&nbsp;<\/p>\n<p><a ref=\"magnificPopup\" href=\"https:\/\/fundacionciga.com\/wp-content\/uploads\/2018\/06\/238.jpg\"><img loading=\"lazy\" decoding=\"async\" class=\"aligncenter\" src=\"https:\/\/fundacionciga.com\/wp-content\/uploads\/2018\/06\/238.jpg\" alt=\"\" width=\"194\" height=\"132\" border=\"0\" \/><\/a><\/td>\n<td align=\"left\" valign=\"top\" width=\"80%\"><b><span style=\"color: #981d31;\">Retrato de do\u00f1a Teresita Torres, Sra. de Machi\u00f1ena.<\/span><\/b><br \/>\n\u00d3leo sobre lienzo.<br \/>\nFormato horizontal.<br \/>\nFechado en 1926.<br \/>\n<i>1926. Pamplona. Exposici\u00f3n del Certamen cient\u00edfico, literario y art\u00edstico. Organizado por el Ayuntamiento de Pamplona. Esta obra se present\u00f3 fuera de<br \/>\nconcurso.<br \/>\n1962. Pamplona. Exposici\u00f3n de p\u00f3stumo homenaje.<\/i><\/td>\n<\/tr>\n<\/tbody>\n<\/table>\n<\/div><\/div><\/div><\/div><\/div><\/div><\/section><section class=\"l-section wpb_row height_small\"><div class=\"l-section-h i-cf\"><div class=\"g-cols vc_row via_grid cols_1 laptops-cols_inherit tablets-cols_inherit mobiles-cols_1 valign_top type_default stacking_default\"><div class=\"wpb_column vc_column_container\"><div class=\"vc_column-inner\"><div class=\"wpb_text_column\"><div class=\"wpb_wrapper\"><p>LOS CIGAS PERDIDOS EN PRENSA (pdf)<\/p>\n<p>&#8211; <a href=\"https:\/\/fundacionciga.com\/wp-content\/uploads\/pdf\/pequena-historia.pdf\" target=\"_blank\" rel=\"noopener\"><span style=\"color: #000000;\">Peque\u00f1a historia de un &#8216;Ciga&#8217; (Gabriel Imbuluzqueta. Diario de Navarra, 11 de junio de 2000)<\/span><\/a>.<br \/>\n&#8211; <a href=\"https:\/\/fundacionciga.com\/wp-content\/uploads\/pdf\/se%20busca%20ciga.pdf\" target=\"_blank\" rel=\"noopener\"><span style=\"color: #000000;\">Se busca Ciga (Diario de Navarra, 15 de octubre de 2004)<\/span><\/a>.<br \/>\n&#8211; <a href=\"https:\/\/fundacionciga.com\/wp-content\/uploads\/pdf\/ciga_perdido.pdf\" target=\"_blank\" rel=\"noopener\"><span style=\"color: #000000;\">El Ciga perdido estaba en Granada (Laura Puy Muguiro. Diario de Navarra, 18 de junio de 2014)<\/span><\/a>.<br \/>\n&#8211; <a href=\"https:\/\/fundacionciga.com\/wp-content\/uploads\/pdf\/perdidos%20diarioNavarra%2025sept2016.pdf\" target=\"_blank\" rel=\"noopener\"><span style=\"color: #000000;\">Se buscan los 5 Cigas perdidos (Laura Puy Muguiro. Diario de Navarra, 25 de septiembre de 2016)<\/span><\/a>.<\/p>\n<\/div><\/div><\/div><\/div><\/div><\/div><\/section>\n","protected":false},"excerpt":{"rendered":"&#8211;Ciga galduen, bila. Ondoko margolanei buruzko informazioa (kokapena) eskertuko litzateke: &nbsp; Retrato de Madame Camere y su hija Nanet. Formato vertical. Fechable en 1912-1914. &nbsp; Retrato de Madame Camere vestida a la espa\u00f1ola. Formato vertical. Firmado. Fechable en 1912-1914. &nbsp; Retrato de emakume \u2013 Emakumearen erretratoa. \u00d3leo sobre tabla. 30 x 25 cm. Fechable en...","protected":false},"author":1,"featured_media":0,"parent":0,"menu_order":0,"comment_status":"closed","ping_status":"closed","template":"","meta":{"footnotes":""},"class_list":["post-28","page","type-page","status-publish","hentry"],"_links":{"self":[{"href":"https:\/\/fundacionciga.com\/eus\/wp-json\/wp\/v2\/pages\/28","targetHints":{"allow":["GET"]}}],"collection":[{"href":"https:\/\/fundacionciga.com\/eus\/wp-json\/wp\/v2\/pages"}],"about":[{"href":"https:\/\/fundacionciga.com\/eus\/wp-json\/wp\/v2\/types\/page"}],"author":[{"embeddable":true,"href":"https:\/\/fundacionciga.com\/eus\/wp-json\/wp\/v2\/users\/1"}],"replies":[{"embeddable":true,"href":"https:\/\/fundacionciga.com\/eus\/wp-json\/wp\/v2\/comments?post=28"}],"version-history":[{"count":2,"href":"https:\/\/fundacionciga.com\/eus\/wp-json\/wp\/v2\/pages\/28\/revisions"}],"predecessor-version":[{"id":203,"href":"https:\/\/fundacionciga.com\/eus\/wp-json\/wp\/v2\/pages\/28\/revisions\/203"}],"wp:attachment":[{"href":"https:\/\/fundacionciga.com\/eus\/wp-json\/wp\/v2\/media?parent=28"}],"curies":[{"name":"wp","href":"https:\/\/api.w.org\/{rel}","templated":true}]}}